{"id":1633,"date":"2022-06-06T08:32:15","date_gmt":"2022-06-06T08:32:15","guid":{"rendered":"https:\/\/palaciodelosmencos.es\/?page_id=1633"},"modified":"2024-10-04T08:56:31","modified_gmt":"2024-10-04T08:56:31","slug":"history","status":"publish","type":"page","link":"https:\/\/palaciodelosmencos.es\/en\/history\/","title":{"rendered":"History"},"content":{"rendered":"<p>[et_pb_section fb_built=&#8221;1&#8243; custom_padding_last_edited=&#8221;on|phone&#8221; _builder_version=&#8221;4.17.4&#8243; _module_preset=&#8221;default&#8221; custom_padding=&#8221;82px||96px|||&#8221; custom_padding_tablet=&#8221;82px||96px|||&#8221; custom_padding_phone=&#8221;10px||10px||false|false&#8221; box_shadow_style=&#8221;preset1&#8243; global_colors_info=&#8221;{}&#8221;][et_pb_row column_structure=&#8221;2_5,3_5&#8243; _builder_version=&#8221;4.17.4&#8243; _module_preset=&#8221;default&#8221; global_colors_info=&#8221;{}&#8221;][et_pb_column type=&#8221;2_5&#8243; _builder_version=&#8221;4.17.4&#8243; _module_preset=&#8221;default&#8221; global_colors_info=&#8221;{}&#8221;][et_pb_text _builder_version=&#8221;4.24.2&#8243; _module_preset=&#8221;default&#8221; header_font_size=&#8221;47px&#8221; global_colors_info=&#8221;{}&#8221;]<\/p>\n<h1>600 years of family history in Navarre<\/h1>\n<h3><\/h3>\n<h3>The first documentary reference of the Mencos in Tafalla appears in 1420, meaning that the family has been installed in the city on the Cidacos River for over six centuries.<\/h3>\n<p>[\/et_pb_text][et_pb_text _builder_version=&#8221;4.24.2&#8243; _module_preset=&#8221;default&#8221; global_colors_info=&#8221;{}&#8221;]An old house at the beginning of Tubal Street, next to the church of Santa Mar\u00eda (Saint Mary), testifies with its coat of arms to having been the family\u2019s residence. At the end of the following century, Mr. Mart\u00edn de Mencos y Garinoain and his wife Do\u00f1a Juana L\u00f3pez de Dicastillo y Balda-Ch\u00e1varri, lords of Ezcaba, would establish the Mencos mayorazgo, promoting the construction of a beautiful house, which their son Le\u00f3n would complete. The latter\u2019s marriage to Do\u00f1a Margarita de Arbizu and Diez de Aux Armend\u00e1riz, lords of Iriberri, brought their coat of arms to preside over the building\u2019s fa\u00e7ade.[\/et_pb_text][\/et_pb_column][et_pb_column type=&#8221;3_5&#8243; _builder_version=&#8221;4.17.4&#8243; _module_preset=&#8221;default&#8221; global_colors_info=&#8221;{}&#8221;][et_pb_image src=&#8221;https:\/\/palaciodelosmencos.es\/wp-content\/uploads\/2022\/06\/escudo-palacio-1.png&#8221; title_text=&#8221;escudo-palacio-1&#8243; show_in_lightbox=&#8221;on&#8221; _builder_version=&#8221;4.17.4&#8243; _module_preset=&#8221;default&#8221; global_colors_info=&#8221;{}&#8221;][\/et_pb_image][\/et_pb_column][\/et_pb_row][\/et_pb_section][et_pb_section fb_built=&#8221;1&#8243; _builder_version=&#8221;4.17.4&#8243; _module_preset=&#8221;default&#8221; background_color=&#8221;#B0976D&#8221; use_background_color_gradient=&#8221;on&#8221; background_color_gradient_stops=&#8221;rgba(176,151,109,0.51) 0%|rgba(176,151,109,0.84) 100%&#8221; background_color_gradient_overlays_image=&#8221;on&#8221; background_image=&#8221;https:\/\/palaciodelosmencos.es\/wp-content\/uploads\/2022\/06\/plano-palacio-mencos.jpg&#8221; parallax=&#8221;on&#8221; parallax_method=&#8221;off&#8221; custom_padding=&#8221;111px||110px|||&#8221; global_colors_info=&#8221;{}&#8221;][et_pb_row _builder_version=&#8221;4.17.4&#8243; _module_preset=&#8221;default&#8221; global_colors_info=&#8221;{}&#8221;][et_pb_column type=&#8221;4_4&#8243; _builder_version=&#8221;4.17.4&#8243; _module_preset=&#8221;default&#8221; global_colors_info=&#8221;{}&#8221;][et_pb_gallery gallery_ids=&#8221;110,134&#8243; fullwidth=&#8221;on&#8221; _builder_version=&#8221;4.17.4&#8243; _module_preset=&#8221;default&#8221; animation_style=&#8221;fold&#8221; border_width_all=&#8221;13px&#8221; border_color_all=&#8221;#FFFFFF&#8221; box_shadow_style=&#8221;preset3&#8243; global_colors_info=&#8221;{}&#8221;][\/et_pb_gallery][\/et_pb_column][\/et_pb_row][\/et_pb_section][et_pb_section fb_built=&#8221;1&#8243; _builder_version=&#8221;4.17.4&#8243; _module_preset=&#8221;default&#8221; box_shadow_style=&#8221;preset1&#8243; global_colors_info=&#8221;{}&#8221;][et_pb_row column_structure=&#8221;2_5,3_5&#8243; _builder_version=&#8221;4.17.4&#8243; _module_preset=&#8221;default&#8221; global_colors_info=&#8221;{}&#8221;][et_pb_column type=&#8221;2_5&#8243; _builder_version=&#8221;4.17.4&#8243; _module_preset=&#8221;default&#8221; global_colors_info=&#8221;{}&#8221;][et_pb_image src=&#8221;https:\/\/palaciodelosmencos.es\/wp-content\/uploads\/2022\/06\/recoletas.jpg&#8221; title_text=&#8221;recoletas&#8221; show_in_lightbox=&#8221;on&#8221; _builder_version=&#8221;4.17.4&#8243; _module_preset=&#8221;default&#8221; global_colors_info=&#8221;{}&#8221;][\/et_pb_image][\/et_pb_column][et_pb_column type=&#8221;3_5&#8243; _builder_version=&#8221;4.17.4&#8243; _module_preset=&#8221;default&#8221; global_colors_info=&#8221;{}&#8221;][et_pb_text _builder_version=&#8221;4.24.2&#8243; _module_preset=&#8221;default&#8221; header_3_font=&#8221;Playfair Display|500|||||||&#8221; header_3_font_size=&#8221;31px&#8221; global_colors_info=&#8221;{}&#8221;]<\/p>\n<h3>The Palace of the Mencos is located in Tafalla, a city and municipality within the Chartered Community of Navarre<\/h3>\n<p>[\/et_pb_text][et_pb_text _builder_version=&#8221;4.24.2&#8243; _module_preset=&#8221;default&#8221; global_colors_info=&#8221;{}&#8221;]<\/p>\n<p>Attached by an arch to the Convent of the Recoletas it is structured as a two-storey,<strong> large cubic block of masonry with cut stone, topped by an attic. <\/strong>The main building is adorned with straight windows, except for the main entrance, fronting a half-point arch, featuring the coat of arms of the Mencos. <strong>Affixed to the building, at an angle, is a prismatic turret in cut stone.<\/strong> On the ground floor, the turret incorporates elements from its mediaeval predecessor, possibly a remnant of the ancient walls of Tafalla. Designed as an observation post, the upper floor is embellished by half-point arches resting on pillars. <strong>The Palace rises over a low hill facing what were the ancient city walls of Tafalla. <\/strong>Around 1590, part of the Mencos family, then living near the Church of Saint Mary, purchased a plot of land \u201cextramuros\u201d on this hillock. It was here, on the royal road that leads to Olite, that their new residence was built.<\/p>\n<p>[\/et_pb_text][et_pb_text _builder_version=&#8221;4.24.2&#8243; _module_preset=&#8221;default&#8221; global_colors_info=&#8221;{}&#8221;]<\/p>\n<p><strong>It remained the main dwelling for the core Mencos family until 1770.<\/strong> The house of the Real Defensa, on Zapater\u00eda Street in Pamplona, became the main residence of the Mencos family following the marriage of Joaqu\u00edn Jos\u00e9 Mencos y Areizaga (Conde de Guendulain and Bar\u00f3n de Big\u00fcezal, Gobernador de los Reales Alc\u00e1zares of Tafalla) to Magdalena Eslava y Eslava, (Marquesa de la Real Defensa y Condesa del Fresno de la Fuente). <strong>The Palace in Tafalla became a secondary residence until the mid-twentieth century, <\/strong>when it returned to being the main home of the entailed estate of the Mencos of Tafalla.<\/p>\n<p>[\/et_pb_text][\/et_pb_column][\/et_pb_row][et_pb_row column_structure=&#8221;2_5,3_5&#8243; _builder_version=&#8221;4.17.4&#8243; _module_preset=&#8221;default&#8221; global_colors_info=&#8221;{}&#8221;][et_pb_column type=&#8221;2_5&#8243; _builder_version=&#8221;4.17.4&#8243; _module_preset=&#8221;default&#8221; global_colors_info=&#8221;{}&#8221;][et_pb_image src=&#8221;https:\/\/palaciodelosmencos.es\/wp-content\/uploads\/2022\/06\/palacio-mencos-hospital.jpg&#8221; title_text=&#8221;palacio-mencos-hospital&#8221; show_in_lightbox=&#8221;on&#8221; _builder_version=&#8221;4.17.4&#8243; _module_preset=&#8221;default&#8221; global_colors_info=&#8221;{}&#8221;][\/et_pb_image][\/et_pb_column][et_pb_column type=&#8221;3_5&#8243; _builder_version=&#8221;4.17.4&#8243; _module_preset=&#8221;default&#8221; global_colors_info=&#8221;{}&#8221;][et_pb_text _builder_version=&#8221;4.24.2&#8243; _module_preset=&#8221;default&#8221; header_3_font=&#8221;Playfair Display|500|||||||&#8221; header_3_font_size=&#8221;31px&#8221; global_colors_info=&#8221;{}&#8221;]<\/p>\n<h3>Wartime occupation<\/h3>\n<p>[\/et_pb_text][et_pb_text _builder_version=&#8221;4.24.2&#8243; _module_preset=&#8221;default&#8221; global_colors_info=&#8221;{}&#8221;]<\/p>\n<p>The Palace was occupied by different troops on numerous occasions during the various confrontations that took place in the region. An example of such occupations was that of the French Army between 1808 and 1813 during the <strong>Spanish War of Independence<\/strong> (or Peninsular War). The same fate befell it during the <strong>First Carlist War,<\/strong> becoming the headquarters of the army of Maria Christina between 1833 and 1839. In the <strong>Third Carlist War<\/strong> (1873 -1876), it became a Red Cross Hospital (it would appear to be the first frontline hospital of what were then called Aid Societies for the Nursing of the War Wounded). In the twentieth century, it was occupied once again in 1936 during the <strong>Spanish Civil War,<\/strong> becoming a training academy for under-officers and the Headquarters of the Civil Guard. Throughout the centuries, the building suffered considerable damage. Renovation work started in the 1940s, under the impulse of Don Tiburcio Mencos y Bernaldo de Quir\u00f3s, Marqu\u00e9s de la Real Defensa. <strong>The Palace is currently in far better condition than it was before the Civil War.<\/strong><\/p>\n<p>[\/et_pb_text][\/et_pb_column][\/et_pb_row][\/et_pb_section][et_pb_section fb_built=&#8221;1&#8243; _builder_version=&#8221;4.17.4&#8243; _module_preset=&#8221;default&#8221; background_color=&#8221;#b0976d&#8221; background_image=&#8221;https:\/\/palaciodelosmencos.es\/wp-content\/uploads\/2022\/06\/plano-palacio-mencos.jpg&#8221; background_blend=&#8221;soft-light&#8221; custom_padding=&#8221;91px||72px|||&#8221; global_colors_info=&#8221;{}&#8221;][et_pb_row column_structure=&#8221;1_2,1_2&#8243; _builder_version=&#8221;4.17.4&#8243; _module_preset=&#8221;default&#8221; global_colors_info=&#8221;{}&#8221;][et_pb_column type=&#8221;1_2&#8243; _builder_version=&#8221;4.17.4&#8243; _module_preset=&#8221;default&#8221; border_width_all=&#8221;10px&#8221; border_color_all=&#8221;rgba(176,151,109,0.74)&#8221; box_shadow_style=&#8221;preset3&#8243; global_colors_info=&#8221;{}&#8221;][et_pb_video src=&#8221;https:\/\/www.youtube.com\/watch?v=3Zryme_gl3U&#8221; _builder_version=&#8221;4.17.4&#8243; _module_preset=&#8221;default&#8221; global_colors_info=&#8221;{}&#8221;][\/et_pb_video][\/et_pb_column][et_pb_column type=&#8221;1_2&#8243; _builder_version=&#8221;4.17.4&#8243; _module_preset=&#8221;default&#8221; border_width_all=&#8221;10px&#8221; border_color_all=&#8221;rgba(176,151,109,0.74)&#8221; box_shadow_style=&#8221;preset3&#8243; global_colors_info=&#8221;{}&#8221;][et_pb_video src=&#8221;https:\/\/www.youtube.com\/watch?v=I43jBL-UsUo&#8221; _builder_version=&#8221;4.17.4&#8243; _module_preset=&#8221;default&#8221; global_colors_info=&#8221;{}&#8221;][\/et_pb_video][\/et_pb_column][\/et_pb_row][\/et_pb_section][et_pb_section fb_built=&#8221;1&#8243; disabled_on=&#8221;off|off|off&#8221; _builder_version=&#8221;4.25.1&#8243; _module_preset=&#8221;default&#8221; locked=&#8221;off&#8221; global_colors_info=&#8221;{}&#8221;][et_pb_row _builder_version=&#8221;4.25.1&#8243; _module_preset=&#8221;default&#8221; global_colors_info=&#8221;{}&#8221;][et_pb_column type=&#8221;4_4&#8243; _builder_version=&#8221;4.25.1&#8243; _module_preset=&#8221;default&#8221; global_colors_info=&#8221;{}&#8221;][et_pb_code _builder_version=&#8221;4.27.2&#8243; _module_preset=&#8221;default&#8221; hover_enabled=&#8221;0&#8243; global_colors_info=&#8221;{}&#8221; sticky_enabled=&#8221;0&#8243;]<!-- Elemento de audio que comienza silenciado y se reproduce en bucle --><!-- [et_pb_line_break_holder] --><audio id=\"myAudio\" src=\"https:\/\/palaciodelosmencos.es\/wp-content\/uploads\/2024\/10\/2-historia-ING.mp3\"><\/audio><!-- [et_pb_line_break_holder] --><!-- [et_pb_line_break_holder] --><!-- Bot\u00f3n flotante para activar\/desactivar el sonido --><!-- [et_pb_line_break_holder] --><button id=\"audioToggleButton\" class=\"floating-button\">\ud83d\udd0a<\/button><!-- [et_pb_line_break_holder] --><!-- [et_pb_line_break_holder] --> <script><!-- [et_pb_line_break_holder] -->\/\/ Control del audio al hacer clic en el bot\u00f3n flotante<!-- [et_pb_line_break_holder] -->document.getElementById('audioToggleButton').addEventListener('click', function() {<!-- [et_pb_line_break_holder] -->    var audio = document.getElementById('myAudio');<!-- [et_pb_line_break_holder] -->    if (audio.paused) {<!-- [et_pb_line_break_holder] -->        audio.play(); \/\/ Si est\u00e1 pausado, reproduce<!-- [et_pb_line_break_holder] -->        this.textContent = '\u23f9\ufe0f'; \/\/ Cambia el \u00edcono a stop<!-- [et_pb_line_break_holder] -->    } else {<!-- [et_pb_line_break_holder] -->        audio.pause(); \/\/ Si est\u00e1 reproduciendo, pausa<!-- [et_pb_line_break_holder] -->        audio.currentTime = 0; \/\/ Reinicia la reproducci\u00f3n<!-- [et_pb_line_break_holder] -->        this.textContent = '\u25b6\ufe0f'; \/\/ Cambia el \u00edcono a play<!-- [et_pb_line_break_holder] -->    }<!-- [et_pb_line_break_holder] -->});<!-- [et_pb_line_break_holder] --><\/script>[\/et_pb_code][\/et_pb_column][\/et_pb_row][\/et_pb_section]<\/p>\n","protected":false},"excerpt":{"rendered":"<p>600 years of family history in Navarre The first documentary reference of the Mencos in Tafalla appears in 1420, meaning that the family has been installed in the city on the Cidacos River for over six centuries.An old house at the beginning of Tubal Street, next to the church of Santa Mar\u00eda (Saint Mary), testifies [&hellip;]<\/p>\n","protected":false},"author":1,"featured_media":0,"parent":0,"menu_order":0,"comment_status":"closed","ping_status":"closed","template":"","meta":{"_acf_changed":false,"_et_pb_use_builder":"on","_et_pb_old_content":"<!-- wp:divi\/placeholder \/-->","_et_gb_content_width":"","footnotes":""},"class_list":["post-1633","page","type-page","status-publish","hentry"],"acf":[],"_links":{"self":[{"href":"https:\/\/palaciodelosmencos.es\/en\/wp-json\/wp\/v2\/pages\/1633","targetHints":{"allow":["GET"]}}],"collection":[{"href":"https:\/\/palaciodelosmencos.es\/en\/wp-json\/wp\/v2\/pages"}],"about":[{"href":"https:\/\/palaciodelosmencos.es\/en\/wp-json\/wp\/v2\/types\/page"}],"author":[{"embeddable":true,"href":"https:\/\/palaciodelosmencos.es\/en\/wp-json\/wp\/v2\/users\/1"}],"replies":[{"embeddable":true,"href":"https:\/\/palaciodelosmencos.es\/en\/wp-json\/wp\/v2\/comments?post=1633"}],"version-history":[{"count":8,"href":"https:\/\/palaciodelosmencos.es\/en\/wp-json\/wp\/v2\/pages\/1633\/revisions"}],"predecessor-version":[{"id":2497,"href":"https:\/\/palaciodelosmencos.es\/en\/wp-json\/wp\/v2\/pages\/1633\/revisions\/2497"}],"wp:attachment":[{"href":"https:\/\/palaciodelosmencos.es\/en\/wp-json\/wp\/v2\/media?parent=1633"}],"curies":[{"name":"wp","href":"https:\/\/api.w.org\/{rel}","templated":true}]}}

<p>[et_pb_section fb_built=&#8221;1&#8243; custom_padding_last_edited=&#8221;on|phone&#8221; _builder_version=&#8221;4.17.4&#8243; _module_preset=&#8221;default&#8221; custom_padding=&#8221;82px||96px|||&#8221; custom_padding_tablet=&#8221;82px||96px|||&#8221; custom_padding_phone=&#8221;10px||10px||false|false&#8221; box_shadow_style=&#8221;preset1&#8243; global_colors_info=&#8221;{}&#8221;][et_pb_row column_structure=&#8221;2_5,3_5&#8243; _builder_version=&#8221;4.17.4&#8243; _module_preset=&#8221;default&#8221; global_colors_info=&#8221;{}&#8221;][et_pb_column type=&#8221;2_5&#8243; _builder_version=&#8221;4.17.4&#8243; _module_preset=&#8221;default&#8221; global_colors_info=&#8221;{}&#8221;][et_pb_text _builder_version=&#8221;4.24.2&#8243; _module_preset=&#8221;default&#8221; header_font_size=&#8221;47px&#8221; global_colors_info=&#8221;{}&#8221;]</p>
<h1>600 years of family history in Navarre</h1>
<h3></h3>
<h3>The first documentary reference of the Mencos in Tafalla appears in 1420, meaning that the family has been installed in the city on the Cidacos River for over six centuries.</h3>
<p>[/et_pb_text][et_pb_text _builder_version=&#8221;4.24.2&#8243; _module_preset=&#8221;default&#8221; global_colors_info=&#8221;{}&#8221;]An old house at the beginning of Tubal Street, next to the church of Santa María (Saint Mary), testifies with its coat of arms to having been the family’s residence. At the end of the following century, Mr. Martín de Mencos y Garinoain and his wife Doña Juana López de Dicastillo y Balda-Chávarri, lords of Ezcaba, would establish the Mencos mayorazgo, promoting the construction of a beautiful house, which their son León would complete. The latter’s marriage to Doña Margarita de Arbizu and Diez de Aux Armendáriz, lords of Iriberri, brought their coat of arms to preside over the building’s façade.[/et_pb_text][/et_pb_column][et_pb_column type=&#8221;3_5&#8243; _builder_version=&#8221;4.17.4&#8243; _module_preset=&#8221;default&#8221; global_colors_info=&#8221;{}&#8221;][et_pb_image src=&#8221;https://palaciodelosmencos.es/wp-content/uploads/2022/06/escudo-palacio-1.png&#8221; title_text=&#8221;escudo-palacio-1&#8243; show_in_lightbox=&#8221;on&#8221; _builder_version=&#8221;4.17.4&#8243; _module_preset=&#8221;default&#8221; global_colors_info=&#8221;{}&#8221;][/et_pb_image][/et_pb_column][/et_pb_row][/et_pb_section][et_pb_section fb_built=&#8221;1&#8243; _builder_version=&#8221;4.17.4&#8243; _module_preset=&#8221;default&#8221; background_color=&#8221;#B0976D&#8221; use_background_color_gradient=&#8221;on&#8221; background_color_gradient_stops=&#8221;rgba(176,151,109,0.51) 0%|rgba(176,151,109,0.84) 100%&#8221; background_color_gradient_overlays_image=&#8221;on&#8221; background_image=&#8221;https://palaciodelosmencos.es/wp-content/uploads/2022/06/plano-palacio-mencos.jpg&#8221; parallax=&#8221;on&#8221; parallax_method=&#8221;off&#8221; custom_padding=&#8221;111px||110px|||&#8221; global_colors_info=&#8221;{}&#8221;][et_pb_row _builder_version=&#8221;4.17.4&#8243; _module_preset=&#8221;default&#8221; global_colors_info=&#8221;{}&#8221;][et_pb_column type=&#8221;4_4&#8243; _builder_version=&#8221;4.17.4&#8243; _module_preset=&#8221;default&#8221; global_colors_info=&#8221;{}&#8221;][et_pb_gallery gallery_ids=&#8221;110,134&#8243; fullwidth=&#8221;on&#8221; _builder_version=&#8221;4.17.4&#8243; _module_preset=&#8221;default&#8221; animation_style=&#8221;fold&#8221; border_width_all=&#8221;13px&#8221; border_color_all=&#8221;#FFFFFF&#8221; box_shadow_style=&#8221;preset3&#8243; global_colors_info=&#8221;{}&#8221;][/et_pb_gallery][/et_pb_column][/et_pb_row][/et_pb_section][et_pb_section fb_built=&#8221;1&#8243; _builder_version=&#8221;4.17.4&#8243; _module_preset=&#8221;default&#8221; box_shadow_style=&#8221;preset1&#8243; global_colors_info=&#8221;{}&#8221;][et_pb_row column_structure=&#8221;2_5,3_5&#8243; _builder_version=&#8221;4.17.4&#8243; _module_preset=&#8221;default&#8221; global_colors_info=&#8221;{}&#8221;][et_pb_column type=&#8221;2_5&#8243; _builder_version=&#8221;4.17.4&#8243; _module_preset=&#8221;default&#8221; global_colors_info=&#8221;{}&#8221;][et_pb_image src=&#8221;https://palaciodelosmencos.es/wp-content/uploads/2022/06/recoletas.jpg&#8221; title_text=&#8221;recoletas&#8221; show_in_lightbox=&#8221;on&#8221; _builder_version=&#8221;4.17.4&#8243; _module_preset=&#8221;default&#8221; global_colors_info=&#8221;{}&#8221;][/et_pb_image][/et_pb_column][et_pb_column type=&#8221;3_5&#8243; _builder_version=&#8221;4.17.4&#8243; _module_preset=&#8221;default&#8221; global_colors_info=&#8221;{}&#8221;][et_pb_text _builder_version=&#8221;4.24.2&#8243; _module_preset=&#8221;default&#8221; header_3_font=&#8221;Playfair Display|500|||||||&#8221; header_3_font_size=&#8221;31px&#8221; global_colors_info=&#8221;{}&#8221;]</p>
<h3>The Palace of the Mencos is located in Tafalla, a city and municipality within the Chartered Community of Navarre</h3>
<p>[/et_pb_text][et_pb_text _builder_version=&#8221;4.24.2&#8243; _module_preset=&#8221;default&#8221; global_colors_info=&#8221;{}&#8221;]</p>
<p>Attached by an arch to the Convent of the Recoletas it is structured as a two-storey,<strong> large cubic block of masonry with cut stone, topped by an attic. </strong>The main building is adorned with straight windows, except for the main entrance, fronting a half-point arch, featuring the coat of arms of the Mencos. <strong>Affixed to the building, at an angle, is a prismatic turret in cut stone.</strong> On the ground floor, the turret incorporates elements from its mediaeval predecessor, possibly a remnant of the ancient walls of Tafalla. Designed as an observation post, the upper floor is embellished by half-point arches resting on pillars. <strong>The Palace rises over a low hill facing what were the ancient city walls of Tafalla. </strong>Around 1590, part of the Mencos family, then living near the Church of Saint Mary, purchased a plot of land “extramuros” on this hillock. It was here, on the royal road that leads to Olite, that their new residence was built.</p>
<p>[/et_pb_text][et_pb_text _builder_version=&#8221;4.24.2&#8243; _module_preset=&#8221;default&#8221; global_colors_info=&#8221;{}&#8221;]</p>
<p><strong>It remained the main dwelling for the core Mencos family until 1770.</strong> The house of the Real Defensa, on Zapatería Street in Pamplona, became the main residence of the Mencos family following the marriage of Joaquín José Mencos y Areizaga (Conde de Guendulain and Barón de Bigüezal, Gobernador de los Reales Alcázares of Tafalla) to Magdalena Eslava y Eslava, (Marquesa de la Real Defensa y Condesa del Fresno de la Fuente). <strong>The Palace in Tafalla became a secondary residence until the mid-twentieth century, </strong>when it returned to being the main home of the entailed estate of the Mencos of Tafalla.</p>
<p>[/et_pb_text][/et_pb_column][/et_pb_row][et_pb_row column_structure=&#8221;2_5,3_5&#8243; _builder_version=&#8221;4.17.4&#8243; _module_preset=&#8221;default&#8221; global_colors_info=&#8221;{}&#8221;][et_pb_column type=&#8221;2_5&#8243; _builder_version=&#8221;4.17.4&#8243; _module_preset=&#8221;default&#8221; global_colors_info=&#8221;{}&#8221;][et_pb_image src=&#8221;https://palaciodelosmencos.es/wp-content/uploads/2022/06/palacio-mencos-hospital.jpg&#8221; title_text=&#8221;palacio-mencos-hospital&#8221; show_in_lightbox=&#8221;on&#8221; _builder_version=&#8221;4.17.4&#8243; _module_preset=&#8221;default&#8221; global_colors_info=&#8221;{}&#8221;][/et_pb_image][/et_pb_column][et_pb_column type=&#8221;3_5&#8243; _builder_version=&#8221;4.17.4&#8243; _module_preset=&#8221;default&#8221; global_colors_info=&#8221;{}&#8221;][et_pb_text _builder_version=&#8221;4.24.2&#8243; _module_preset=&#8221;default&#8221; header_3_font=&#8221;Playfair Display|500|||||||&#8221; header_3_font_size=&#8221;31px&#8221; global_colors_info=&#8221;{}&#8221;]</p>
<h3>Wartime occupation</h3>
<p>[/et_pb_text][et_pb_text _builder_version=&#8221;4.24.2&#8243; _module_preset=&#8221;default&#8221; global_colors_info=&#8221;{}&#8221;]</p>
<p>The Palace was occupied by different troops on numerous occasions during the various confrontations that took place in the region. An example of such occupations was that of the French Army between 1808 and 1813 during the <strong>Spanish War of Independence</strong> (or Peninsular War). The same fate befell it during the <strong>First Carlist War,</strong> becoming the headquarters of the army of Maria Christina between 1833 and 1839. In the <strong>Third Carlist War</strong> (1873 -1876), it became a Red Cross Hospital (it would appear to be the first frontline hospital of what were then called Aid Societies for the Nursing of the War Wounded). In the twentieth century, it was occupied once again in 1936 during the <strong>Spanish Civil War,</strong> becoming a training academy for under-officers and the Headquarters of the Civil Guard. Throughout the centuries, the building suffered considerable damage. Renovation work started in the 1940s, under the impulse of Don Tiburcio Mencos y Bernaldo de Quirós, Marqués de la Real Defensa. <strong>The Palace is currently in far better condition than it was before the Civil War.</strong></p>
<p>[/et_pb_text][/et_pb_column][/et_pb_row][/et_pb_section][et_pb_section fb_built=&#8221;1&#8243; _builder_version=&#8221;4.17.4&#8243; _module_preset=&#8221;default&#8221; background_color=&#8221;#b0976d&#8221; background_image=&#8221;https://palaciodelosmencos.es/wp-content/uploads/2022/06/plano-palacio-mencos.jpg&#8221; background_blend=&#8221;soft-light&#8221; custom_padding=&#8221;91px||72px|||&#8221; global_colors_info=&#8221;{}&#8221;][et_pb_row column_structure=&#8221;1_2,1_2&#8243; _builder_version=&#8221;4.17.4&#8243; _module_preset=&#8221;default&#8221; global_colors_info=&#8221;{}&#8221;][et_pb_column type=&#8221;1_2&#8243; _builder_version=&#8221;4.17.4&#8243; _module_preset=&#8221;default&#8221; border_width_all=&#8221;10px&#8221; border_color_all=&#8221;rgba(176,151,109,0.74)&#8221; box_shadow_style=&#8221;preset3&#8243; global_colors_info=&#8221;{}&#8221;][et_pb_video src=&#8221;https://www.youtube.com/watch?v=3Zryme_gl3U&#8221; _builder_version=&#8221;4.17.4&#8243; _module_preset=&#8221;default&#8221; global_colors_info=&#8221;{}&#8221;][/et_pb_video][/et_pb_column][et_pb_column type=&#8221;1_2&#8243; _builder_version=&#8221;4.17.4&#8243; _module_preset=&#8221;default&#8221; border_width_all=&#8221;10px&#8221; border_color_all=&#8221;rgba(176,151,109,0.74)&#8221; box_shadow_style=&#8221;preset3&#8243; global_colors_info=&#8221;{}&#8221;][et_pb_video src=&#8221;https://www.youtube.com/watch?v=I43jBL-UsUo&#8221; _builder_version=&#8221;4.17.4&#8243; _module_preset=&#8221;default&#8221; global_colors_info=&#8221;{}&#8221;][/et_pb_video][/et_pb_column][/et_pb_row][/et_pb_section][et_pb_section fb_built=&#8221;1&#8243; disabled_on=&#8221;off|off|off&#8221; _builder_version=&#8221;4.25.1&#8243; _module_preset=&#8221;default&#8221; locked=&#8221;off&#8221; global_colors_info=&#8221;{}&#8221;][et_pb_row _builder_version=&#8221;4.25.1&#8243; _module_preset=&#8221;default&#8221; global_colors_info=&#8221;{}&#8221;][et_pb_column type=&#8221;4_4&#8243; _builder_version=&#8221;4.25.1&#8243; _module_preset=&#8221;default&#8221; global_colors_info=&#8221;{}&#8221;][et_pb_code _builder_version=&#8221;4.27.2&#8243; _module_preset=&#8221;default&#8221; hover_enabled=&#8221;0&#8243; global_colors_info=&#8221;{}&#8221; sticky_enabled=&#8221;0&#8243;]<!-- Elemento de audio que comienza silenciado y se reproduce en bucle --><!-- [et_pb_line_break_holder] --><audio id="myAudio" src="https://palaciodelosmencos.es/wp-content/uploads/2024/10/2-historia-ING.mp3"></audio><!-- [et_pb_line_break_holder] --><!-- [et_pb_line_break_holder] --><!-- Botón flotante para activar/desactivar el sonido --><!-- [et_pb_line_break_holder] --><button id="audioToggleButton" class="floating-button">🔊</button><!-- [et_pb_line_break_holder] --><!-- [et_pb_line_break_holder] --> <script><!-- [et_pb_line_break_holder] -->// Control del audio al hacer clic en el botón flotante<!-- [et_pb_line_break_holder] -->document.getElementById('audioToggleButton').addEventListener('click', function() {<!-- [et_pb_line_break_holder] -->    var audio = document.getElementById('myAudio');<!-- [et_pb_line_break_holder] -->    if (audio.paused) {<!-- [et_pb_line_break_holder] -->        audio.play(); // Si está pausado, reproduce<!-- [et_pb_line_break_holder] -->        this.textContent = '⏹️'; // Cambia el ícono a stop<!-- [et_pb_line_break_holder] -->    } else {<!-- [et_pb_line_break_holder] -->        audio.pause(); // Si está reproduciendo, pausa<!-- [et_pb_line_break_holder] -->        audio.currentTime = 0; // Reinicia la reproducción<!-- [et_pb_line_break_holder] -->        this.textContent = '▶️'; // Cambia el ícono a play<!-- [et_pb_line_break_holder] -->    }<!-- [et_pb_line_break_holder] -->});<!-- [et_pb_line_break_holder] --></script>[/et_pb_code][/et_pb_column][/et_pb_row][/et_pb_section]</p>

<p>600 years of family history in Navarre The first documentary reference of the Mencos in Tafalla appears in 1420, meaning that the family has been installed in the city on the Cidacos River for over six centuries.An old house at the beginning of Tubal Street, next to the church of Santa María (Saint Mary), testifies [&hellip;]</p>
